et d(t) = -36*t + 1. Suppose -5*b - 11 = 3*w, 0 = 2*b + 3*w - 0*w + 8. What is the remainder when d(b) is divided by 19?
18
Let h(x) = -4*x + 24. Let w(y) = 3*y**2 - 2*y - 2. Calculate the remainder when h(-12) is divided by w(3).
15
Let o(l) = -l**3 - 16*l**2 - 20*l - 16. Calculate the remainder when o(-15) is divided by 15.
14
Let v = 0 + 3. Let d(z) = 2*z**2 - 2*z - 3. Let k be d(v). Suppose -u + 18 = 2*y + u, 0 = 3*u - k. Calculate the remainder when 11 is divided by y.
5
Let n(j) = -j. Let k be n(-9). Let w = 61 + -2. Suppose k*r - 4*r - 274 = -2*x, x = r - w. What is the remainder when r is divided by 19?
18
Let g = 7 + 10. What is the remainder when g is divided by 5?
2
Calculate the remainder when 38 is divided by (-4)/1*(-20)/(-12)*-3.
18
Let i = 2 - -1. Suppose -x + i - 1 = 0. What is the remainder when x is divided by 1 + 0 + 1/1?
0
Let c be 20/9 + 8/(-36). Calculate the remainder when 34 is divided by (-3 + 17)*1 - c.
10
Suppose -4*l = 3*t - 45 - 43, -2*t - 44 = -2*l. Let n = -19 + 84. What is the remainder when n is divided by l?
21
Let m(j) be the first derivative of -j**3/3 - 17*j**2/2 - 4*j + 6. Calculate the remainder when (50/4 - 0)*4 is divided by m(-15).
24
What is the remainder when ((-36)/(-54))/(4/222) is divided by 13?
11
Suppose 2*n = -3*n + 235. Calculate the remainder when n is divided by 13.
8
Let v(c) = 2*c**2 - 7. Suppose 0*a - 3*a + 45 = 0. What is the remainder when v(5) is divided by a?
13
Calculate the remainder when (6/2)/((6/(-2))/(-21)) is divided by 11.
10
Let w(m) = 3*m**2 + 1. Let h be w(1). Suppose 5*z = h*k - 45 + 9, 0 = -2*k + 2*z + 20. Calculate the remainder when k is divided by 4.
2
Suppose -3*y - 12 = -3*s, 2*y + 4*s = -y - 33. Let d = y - -8. What is the remainder when d is divided by 1?
0
What is the remainder when 1/(4/20*1) is divided by 4?
1
Let g(q) = 1 - 5*q**2 + 6*q**2 - 4. Suppose 25 = 4*n - 39. Calculate the remainder when g(7) is divided by n.
14
Let x be 1*4 + (-4 - -7). Suppose -x*c = -2*c - 45. Calculate the remainder when c is divided by 0 + ((-30)/(-3))/2.
4
Let g = -9 - -18. What is the remainder when -10*(-2 - 1/2) is divided by g?
7
Let v(z) = -2*z**2 + 3*z - 3. Let t be v(-5). Let q be (t/8)/(1/(-2)). Let a = q + 2. Calculate the remainder when 36 is divided by a.
17
Suppose -15 = -z - 4*f, -5*z + 5*f + 36 = -39. Calculate the remainder when z is divided by 8.
7
Calculate the remainder when (-1015)/(-21) + 2/3 is divided by 17.
15
Suppose 5*d + 19 = -11. Let s(a) = a**2 + 3*a + 9. Calculate the remainder when s(d) is divided by 7.
6
Suppose 12*c - 312 = -0. Calculate the remainder when 99 is divided by c.
21
Let c = 90 + -53. Calculate the remainder when c is divided by 19.
18
Let j(y) = -4*y - 16. What is the remainder when 22 is divided by j(-6)?
6
Let h = 162 + -92. Suppose -2*g = -g - 18. What is the remainder when h is divided by g?
16
Suppose -50 = -5*h - 7*q + 2*q, -16 = -3*h + 4*q. What is the remainder when 27 is divided by h?
3
Let q(j) = -5*j + 6. Let z(v) = -11*v + 12. Let u(x) = -7*q(x) + 3*z(x). Calculate the remainder when 4 is divided by u(4).
0
Suppose -4*b + 16 = -3*p, -2*b - 12 = -5*b - 2*p. What is the remainder when 3 is divided by 12/9*6/b?
1
What is the remainder when -1*(-21)/(-2)*-2 is divided by 9?
3
Let n be 24/(-14)*(7 + 14 + -7). Let v = -5 + 8. Calculate the remainder when (-1)/4*v*n is divided by 7.
4
Suppose -4*f + 144 - 408 = 0. Let o = -40 - f. Let d(c) = -c**2 - 12*c - 13. What is the remainder when o is divided by d(-9)?
12
Let x be (-1)/(-3) - (-44)/3. Suppose -w = 2*w - x. Suppose w*o - 2*o - 39 = 0. What is the remainder when 37 is divided by o?
11
Suppose -x + 20 = -3*x. Let n = x + 4. Calculate the remainder when (-4)/((-24)/(-27))*n is divided by 15.
12
Suppose -2*f - 3 - 13 = 0. Let s = 13 + f. Calculate the remainder when s is divided by 2.
1
Suppose -5*t = 5*m - 35, 3*t - t + m = 11. Let d = t - 9. Let c(r) = -2*r + 4. What is the remainder when 26 is divided by c(d)?
12
Calculate the remainder when (4 + -3 - 2)/(2/(-20)) is divided by 7.
3
Suppose 6*k - 20 = 2*k. Calculate the remainder when 6 is divided by k.
1
Let a(f) = f. Let q be a(-4). Let k(n) = -n**3 - 4*n**2 - 2*n + 3. What is the remainder when (-4)/10 - (-214)/10 is divided by k(q)?
10
Let u(y) = y**3 - 4*y**2 + 2*y - 6. What is the remainder when 4 is divided by u(4)?
0
Let b = -94 + 157. Suppose 3*y = 6*y - b. Calculate the remainder when y is divided by 8.
5
What is the remainder when 10 is divided by -8 + 6 + (1 - -5)?
2
Suppose 3*j + 3*z + 5 = 2*j, -33 = 3*j + 3*z. Suppose 18 = 5*o - 82. Let b = j + o. What is the remainder when 16 is divided by b?
4
Let t(f) = 2*f - 4. Let y = 6 + -3. What is the remainder when 5 is divided by t(y)?
1
Let r(z) = -z**3 - 4*z**2 - 3*z - 6. Let s be r(-4). Suppose -3*u = -0 - 6, -4*v + u + 42 = 0. Calculate the remainder when (-93)/(-2)*4/s is divided by v.
9
What is the remainder when ((-3)/(-2))/3*46 is divided by -8*(-3)/3*1?
7
Let j be (2 - 84/15)*-10. Suppose 3*v = -4*i + j, 2*v - 11 = -3*i + 16. What is the remainder when i is divided by 3?
0
Suppose -j - j + 54 = 2*u, -4*j + 3*u = -129. Calculate the remainder when 59 is divided by j.
29
Let v(a) = 2*a**3 + 3*a**2 - a - 3. Calculate the remainder when v(3) is divided by 26.
23
Suppose 0 = -2*g - 5*q + 16, -3*q - q = -16. Calculate the remainder when 17 + 0 + (-4 - g) is divided by 6.
3
Let h(c) = -c**2 + 6*c - 2. Let b = 48 + -25. What is the remainder when b is divided by h(4)?
5
Let r(b) = 3*b**2 - 3*b - 3. Suppose -t = -2*t + 75. Let j = t + -31. What is the remainder when j is divided by r(-2)?
14
Let l = -3 - -34. Let s(y) = 2*y**2 - 7*y + 10. Let f(x) = -5*x**2 + 22*x - 31. Let w(q) = 3*f(q) + 8*s(q). What is the remainder when l is divided by w(-12)?
9
Suppose -x = 4*x - 15. Suppose 5*h - 1 = 4*h. Let w(l) = 6*l**3 + 1. What is the remainder when w(h) is divided by x?
1
Let d be (9/3)/((-9)/(-6)). Suppose 5*p - 15 = 0, -d*h - p = -7*h + 102. What is the remainder when 39 is divided by h?
18
Let u = 18 + -13. Suppose p - 124 = -3*p. Let d = p - 13. What is the remainder when d is divided by u?
3
Suppose -3*g + 9 = -0*g. What is the remainder when g is divided by 1?
0
Suppose -2*q + 0*q = -36. What is the remainder when q is divided by 7?
4
Let d(f) = -63*f - 3. Let v be d(3). What is the remainder when 17 is divided by (-4)/6 - v/18?
7
Let l = 57 - 6. Calculate the remainder when l is divided by 27.
24
Suppose -l = -r + 6*r - 6, r = -2*l - 6. Suppose 110 = -3*x - r*x. Let g = x - -38. Calculate the remainder when g is divided by 9.
7
Let q(u) = 2*u**3 - 4*u**2 + 3*u - 1. Let z(y) = 5*y - 2. What is the remainder when z(5) is divided by q(2)?
3
Let y(g) = g**2 - 2*g - 7. What is the remainder when 50 is divided by y(6)?
16
Let q be (-4)/18 - 12/(-54). Suppose q*a = -4*a + 32. Let g(t) = 5*t - 6. What is the remainder when g(4) is divided by a?
6
Suppose 3*b = 4*l + 56, 7*b = 2*b + l + 99. What is the remainder when b is divided by 12?
8
Suppose 12 = 3*n - 21. Calculate the remainder when n is divided by 5.
1
Let a(h) = h**3 - 3*h**2 - 5*h + 4. Let t be a(4). Suppose i = -t*i + 4. Suppose 0 = -3*n - n + 40. Calculate the remainder when n is divided by i.
2
Suppose 13*h - 207 = 157. What is the remainder when h is divided by 3?
1
Suppose -5*f + 72 + 28 = 0. Suppose 10 + f = 5*o. Calculate the remainder when o is divided by 2.
0
Suppose -2*j - 6 - 72 = 0. Let c = -27 - j. What is the remainder when 35 is divided by c?
11
Suppose 5 = 3*r - 4. Suppose 5 = -c - 5*g + 19, 6 = r*g. What is the remainder when 10 is divided by c?
2
Suppose -3*t + 28 + 11 = 0. Let h(n) = -n - 1. Let w be h(-4). Suppose -x + 6 = w*a, a - 6*a + t = 2*x. Calculate the remainder when 26 is divided by x.
8
Let h = 9 + 3. Let m = h - -12. Suppose -w + m = 2*i, -2*w = w + i - 82. Calculate the remainder when w is divided by 15.
13
Suppose 3*z + 5*n = -236, -5*n + n + 128 = -2*z. Let s = z + 102. Calculate the remainder when s is divided by 16.
14
Let z(v) = -v**3 + 6*v**2 - v + 8. Let n be z(6). Suppose y = -2*y - 5*u + 158, 5*u + 97 = n*y. What is the remainder when y is divided by 13?
12
Suppose 0 = -2*u + 49 + 15. Calculate the remainder when u is divided by 7.
4
Suppose 2*u = 5*u - 9. Suppose 3*r + 